{"id":442,"date":"2021-07-25T12:08:00","date_gmt":"2021-07-25T10:08:00","guid":{"rendered":"http:\/\/fsgt74.org\/handball\/?page_id=442"},"modified":"2023-11-09T16:45:29","modified_gmt":"2023-11-09T15:45:29","slug":"les-gestes-de-larbitre","status":"publish","type":"page","link":"https:\/\/fsgt74.org\/handball\/les-gestes-de-larbitre\/","title":{"rendered":"Commission de discipline"},"content":{"rendered":"\n<p><\/p>\n\n\n\n<div class=\"wp-block-image\"><figure class=\"aligncenter size-large is-resized\"><img loading=\"lazy\" decoding=\"async\" src=\"http:\/\/fsgt74.org\/handball\/wp-content\/uploads\/sites\/4\/2021\/07\/soccer-referee-vector-left-CARTON-ROUGE.png\" alt=\"\" class=\"wp-image-911\" width=\"242\" height=\"255\" srcset=\"https:\/\/fsgt74.org\/handball\/wp-content\/uploads\/sites\/4\/2021\/07\/soccer-referee-vector-left-CARTON-ROUGE.png 380w, https:\/\/fsgt74.org\/handball\/wp-content\/uploads\/sites\/4\/2021\/07\/soccer-referee-vector-left-CARTON-ROUGE-285x300.png 285w, https:\/\/fsgt74.org\/handball\/wp-content\/uploads\/sites\/4\/2021\/07\/soccer-referee-vector-left-CARTON-ROUGE-122x128.png 122w, https:\/\/fsgt74.org\/handball\/wp-content\/uploads\/sites\/4\/2021\/07\/soccer-referee-vector-left-CARTON-ROUGE-30x32.png 30w\" sizes=\"(max-width: 242px) 100vw, 242px\" \/><\/figure><\/div>\n\n\n\n<p>Mesdames et Messieurs, <\/p>\n\n\n\n<p>Le championnat FSGT 74 se joue en amateur, d&rsquo;un bon niveau, ludique. Il se veut engag\u00e9 mais en aucun cas violent. <\/p>\n\n\n\n<p><strong>Les joueurs qui d\u00e9passeront les limites, soit par des actes de violence d\u00e9lib\u00e9r\u00e9s ou par des insultes, se verront exclus des terrains pendant de longues p\u00e9riodes.<\/strong> <\/p>\n\n\n\n<p>Le r\u00e8glement de la FFHB s&rsquo;applique dans notre championnat. Nous sommes l\u00e0 pour passer du bon temps et pas pour se faire mal \u2026<\/p>\n\n\n\n<p><\/p>\n\n\n\n<p><\/p>\n\n\n\n<div class=\"wp-block-file\"><a href=\"http:\/\/fsgt74.org\/handball\/wp-content\/uploads\/sites\/4\/2023\/05\/fsgtCD26-MARS001-scaled.jpg\" class=\"wp-block-file__button\" download>T\u00e9l\u00e9charger<\/a><\/div>\n\n\n\n<div class=\"wp-block-file\"><a href=\"http:\/\/fsgt74.org\/handball\/wp-content\/uploads\/sites\/4\/2023\/05\/fsgtCD26-MARS002-scaled.jpg\" class=\"wp-block-file__button\" download>T\u00e9l\u00e9charger<\/a><\/div>\n\n\n\n<div class=\"wp-block-file\"><a href=\"http:\/\/fsgt74.org\/handball\/wp-content\/uploads\/sites\/4\/2023\/05\/fsgtCD26-MARS003-scaled.jpg\" class=\"wp-block-file__button\" download>T\u00e9l\u00e9charger<\/a><\/div>\n","protected":false},"excerpt":{"rendered":"<p>Mesdames et Messieurs, Le championnat FSGT 74 se joue en amateur, d&rsquo;un bon niveau, ludique&#8230;.<\/p>\n","protected":false},"author":4,"featured_media":0,"parent":0,"menu_order":0,"comment_status":"closed","ping_status":"closed","template":"","meta":{"footnotes":""},"_links":{"self":[{"href":"https:\/\/fsgt74.org\/handball\/wp-json\/wp\/v2\/pages\/442"}],"collection":[{"href":"https:\/\/fsgt74.org\/handball\/wp-json\/wp\/v2\/pages"}],"about":[{"href":"https:\/\/fsgt74.org\/handball\/wp-json\/wp\/v2\/types\/page"}],"author":[{"embeddable":true,"href":"https:\/\/fsgt74.org\/handball\/wp-json\/wp\/v2\/users\/4"}],"replies":[{"embeddable":true,"href":"https:\/\/fsgt74.org\/handball\/wp-json\/wp\/v2\/comments?post=442"}],"version-history":[{"count":13,"href":"https:\/\/fsgt74.org\/handball\/wp-json\/wp\/v2\/pages\/442\/revisions"}],"predecessor-version":[{"id":1561,"href":"https:\/\/fsgt74.org\/handball\/wp-json\/wp\/v2\/pages\/442\/revisions\/1561"}],"wp:attachment":[{"href":"https:\/\/fsgt74.org\/handball\/wp-json\/wp\/v2\/media?parent=442"}],"curies":[{"name":"wp","href":"https:\/\/api.w.org\/{rel}","templated":true}]}}