{"id":4435,"date":"2024-09-08T18:08:19","date_gmt":"2024-09-08T16:08:19","guid":{"rendered":"https:\/\/fsgt74.org\/volleyball\/?page_id=4435"},"modified":"2024-09-08T18:08:21","modified_gmt":"2024-09-08T16:08:21","slug":"inscription-championnat-6x6-2024-2025","status":"publish","type":"page","link":"https:\/\/fsgt74.org\/volleyball\/inscription-championnat-6x6-2024-2025\/","title":{"rendered":"Inscription Championnat 6&#215;6 &#8211; 2024\/2025"},"content":{"rendered":"\n<p>Bonjour, <br>Voici le formulaire pour le championnat <strong>6&#215;6<\/strong> de la saison 2024\/2025. <\/p>\n\n\n\n<p>\/!\\ <strong>Attention<\/strong> suite \u00e0 de nombreux probl\u00e8mes de paiements, nous avons d\u00e9cider de valider le formulaire  avec le paiement par Carte Bancaire \/ Paypal.  \/!\\<\/p>\n\n\n\n<p>Sinon c&rsquo;est comme les pr\u00e9c\u00e9dents, \u00e0 vous de jouer ! <\/p>\n\n\n\n<p>Date limite : <strong>12\/10\/2024<\/strong><\/p>\n\n\n\n<div class=\"forminator-guttenberg\"><\/div>\n\n\n\n<p><\/p>\n","protected":false},"excerpt":{"rendered":"<p>Bonjour, Voici le formulaire pour le championnat 6&#215;6 de la saison 2024\/2025. \/!\\ Attention suite&#8230;<\/p>\n","protected":false},"author":1,"featured_media":0,"parent":0,"menu_order":0,"comment_status":"closed","ping_status":"closed","template":"","meta":{"footnotes":""},"_links":{"self":[{"href":"https:\/\/fsgt74.org\/volleyball\/wp-json\/wp\/v2\/pages\/4435"}],"collection":[{"href":"https:\/\/fsgt74.org\/volleyball\/wp-json\/wp\/v2\/pages"}],"about":[{"href":"https:\/\/fsgt74.org\/volleyball\/wp-json\/wp\/v2\/types\/page"}],"author":[{"embeddable":true,"href":"https:\/\/fsgt74.org\/volleyball\/wp-json\/wp\/v2\/users\/1"}],"replies":[{"embeddable":true,"href":"https:\/\/fsgt74.org\/volleyball\/wp-json\/wp\/v2\/comments?post=4435"}],"version-history":[{"count":2,"href":"https:\/\/fsgt74.org\/volleyball\/wp-json\/wp\/v2\/pages\/4435\/revisions"}],"predecessor-version":[{"id":4437,"href":"https:\/\/fsgt74.org\/volleyball\/wp-json\/wp\/v2\/pages\/4435\/revisions\/4437"}],"wp:attachment":[{"href":"https:\/\/fsgt74.org\/volleyball\/wp-json\/wp\/v2\/media?parent=4435"}],"curies":[{"name":"wp","href":"https:\/\/api.w.org\/{rel}","templated":true}]}}